{"id":30,"date":"2022-12-06T22:14:23","date_gmt":"2022-12-07T01:14:23","guid":{"rendered":"http:\/\/stipapelcaieiras.com.br\/?page_id=30"},"modified":"2022-12-06T22:14:23","modified_gmt":"2022-12-07T01:14:23","slug":"diretoria","status":"publish","type":"page","link":"https:\/\/stipapelcaieiras.com.br\/?page_id=30","title":{"rendered":"Diretoria"},"content":{"rendered":"\n<p class=\"has-medium-font-size\">2019 atualmente<\/p>\n\n\n\n<p>Anderson Donizete Cardoso Chic\u00e3o, Aldeci Costa Nogueira, Daniel Teodoro Sim\u00f5es, Ednilson Cardoso dos Santos, Fernando Henrique Galo, Fernando Luiz dos Santos, Odair Lopes Fernandes, Sandro de Oliveira Paes, Sidney Francisco de Oliveira, William da Silva Soares, Alessandro Medeiros Ferreira, Alessandro Flor\u00eancio Rosa, Alexandre Nonato de Souza, Ireno Pinto de Moraes, Jo\u00e3o Batista Silva, Marco Ant\u00f4nio Costa, Marco Aur\u00e9lio Rosa, Marcos Paulo Pereira da Silva, Pedro Ortiz Botthe, Sirlei Mendes dos Santos, Wagner Ribeiro, Wander Martins e Jo\u00e3o Vianei Filho.<\/p>\n\n\n\n<figure class=\"wp-block-image size-full\"><img loading=\"lazy\" decoding=\"async\" width=\"880\" height=\"553\" src=\"https:\/\/stipapelcaieiras.com.br\/wp-content\/uploads\/2022\/12\/posse_nova_diretoria.jpg\" alt=\"\" class=\"wp-image-31\" srcset=\"https:\/\/stipapelcaieiras.com.br\/wp-content\/uploads\/2022\/12\/posse_nova_diretoria.jpg 880w, https:\/\/stipapelcaieiras.com.br\/wp-content\/uploads\/2022\/12\/posse_nova_diretoria-300x189.jpg 300w, https:\/\/stipapelcaieiras.com.br\/wp-content\/uploads\/2022\/12\/posse_nova_diretoria-768x483.jpg 768w\" sizes=\"auto, (max-width: 880px) 100vw, 880px\" \/><\/figure>\n\n\n\n<p>A atual diretoria, foi empossada em 13 de dezembro de 2019,\u00a0 em evento realizado num Buffet na cidade de Jundia\u00ed, onde os presentes participaram de um delicioso almo\u00e7o para comemorar n\u00e3o somente a posse mas o final de um ano de muitas lutas e conquistas.<\/p>\n\n\n\n<p class=\"has-medium-font-size\"><br><strong>\u201cFoi um momento muito especial para todos n\u00f3s que lutamos incansavelmente para que nossa classe obtenha sempre mais benef\u00edcios n\u00e3o \u00e9 f\u00e1cil mas tenha certeza que unida essa nova diretoria para a diferen\u00e7a na hist\u00f3ria do sindicato.\u201d Comentou o atual Presidente Chic\u00e3o.<\/strong> <\/p>\n\n\n\n<p><\/p>\n\n\n\n<p>Compuseram a mesa diversos companheiros importantes para a luta sindical e ainda a esposa do presidente anterior Alonso Bonfim falecido em 2018.\u00a0 Maria Rosa, fez quest\u00e3o de ressaltar que seu marido de onde estivesse, com certeza estaria feliz pois Chic\u00e3o era a pessoa perfeita para assumir o legado deixado por Alonso.<\/p>\n\n\n\n<figure class=\"wp-block-image size-full\"><img loading=\"lazy\" decoding=\"async\" width=\"650\" height=\"469\" src=\"https:\/\/stipapelcaieiras.com.br\/wp-content\/uploads\/2022\/12\/posse_nova_diretoria_maria_rosa_chicai.jpg\" alt=\"\" class=\"wp-image-32\" srcset=\"https:\/\/stipapelcaieiras.com.br\/wp-content\/uploads\/2022\/12\/posse_nova_diretoria_maria_rosa_chicai.jpg 650w, https:\/\/stipapelcaieiras.com.br\/wp-content\/uploads\/2022\/12\/posse_nova_diretoria_maria_rosa_chicai-300x216.jpg 300w\" sizes=\"auto, (max-width: 650px) 100vw, 650px\" \/><\/figure>\n","protected":false},"excerpt":{"rendered":"<p>2019 atualmente Anderson Donizete Cardoso Chic\u00e3o, Aldeci Costa Nogueira, Daniel Teodoro Sim\u00f5es, Ednilson Cardoso dos Santos, Fernando Henrique Galo, Fernando Luiz dos Santos, Odair Lopes [&#8230;]<\/p>\n","protected":false},"author":1,"featured_media":0,"parent":0,"menu_order":0,"comment_status":"closed","ping_status":"closed","template":"","meta":{"footnotes":""},"class_list":["post-30","page","type-page","status-publish","hentry"],"_links":{"self":[{"href":"https:\/\/stipapelcaieiras.com.br\/index.php?rest_route=\/wp\/v2\/pages\/30","targetHints":{"allow":["GET"]}}],"collection":[{"href":"https:\/\/stipapelcaieiras.com.br\/index.php?rest_route=\/wp\/v2\/pages"}],"about":[{"href":"https:\/\/stipapelcaieiras.com.br\/index.php?rest_route=\/wp\/v2\/types\/page"}],"author":[{"embeddable":true,"href":"https:\/\/stipapelcaieiras.com.br\/index.php?rest_route=\/wp\/v2\/users\/1"}],"replies":[{"embeddable":true,"href":"https:\/\/stipapelcaieiras.com.br\/index.php?rest_route=%2Fwp%2Fv2%2Fcomments&post=30"}],"version-history":[{"count":1,"href":"https:\/\/stipapelcaieiras.com.br\/index.php?rest_route=\/wp\/v2\/pages\/30\/revisions"}],"predecessor-version":[{"id":33,"href":"https:\/\/stipapelcaieiras.com.br\/index.php?rest_route=\/wp\/v2\/pages\/30\/revisions\/33"}],"wp:attachment":[{"href":"https:\/\/stipapelcaieiras.com.br\/index.php?rest_route=%2Fwp%2Fv2%2Fmedia&parent=30"}],"curies":[{"name":"wp","href":"https:\/\/api.w.org\/{rel}","templated":true}]}}